s the greatest common divisor of 1907688 and 4?
4
Calculate the highest common divisor of 35481051 and 1107.
27
What is the highest common factor of 2571633 and 895797?
531
Calculate the greatest common factor of 1491 and 2324553.
21
What is the highest common divisor of 540948427 and 122?
61
What is the greatest common factor of 1463 and 40686239?
209
Calculate the greatest common factor of 2109677 and 17857.
2551
What is the highest common factor of 6015 and 52508945?
2005
Calculate the greatest common divisor of 162227 and 2223.
13
Calculate the highest common divisor of 377232 and 24528.
48
What is the highest common divisor of 923030864 and 3512?
3512
What is the greatest common divisor of 6886 and 229105358?
626
What is the greatest common divisor of 305264255 and 5?
5
Calculate the greatest common divisor of 902 and 296260096.
902
Calculate the greatest common factor of 14 and 120949794.
14
What is the greatest common factor of 25547 and 82364?
59
What is the greatest common divisor of 573235 and 50?
5
What is the highest common factor of 8 and 25263052?
4
What is the highest common factor of 12790277 and 239131?
6463
Calculate the greatest common factor of 2568 and 42468728.
856
Calculate the greatest common factor of 272 and 583316206.
34
What is the greatest common factor of 1452376 and 19512?
8
Calculate the greatest common factor of 4312 and 1469020.
196
What is the greatest common factor of 311467 and 13832?
247
Calculate the highest common divisor of 14871494 and 22.
22
Calculate the greatest common factor of 42896 and 88123704.
3064
Calculate the highest common divisor of 340264001 and 2783.
253
What is the highest common factor of 12674 and 263?
1
What is the greatest common divisor of 1360 and 2407625?
85
Calculate the greatest common divisor of 588528 and 9734832.
9648
Calculate the highest common divisor of 405524247 and 822.
411
Calculate the greatest common divisor of 848400 and 1574085.
1515
Calculate the greatest common factor of 237 and 154244577.
237
Calculate the highest common factor of 208794750 and 750.
750
Calculate the greatest common factor of 1181544 and 5668.
52
What is the greatest common factor of 83087190 and 190?
190
Calculate the highest common factor of 19080 and 106385310.
4770
Calculate the greatest common divisor of 36 and 2316948.
12
Calculate the highest common factor of 124 and 589196.
4
What is the highest common factor of 61326 and 1908?
18
What is the highest common divisor of 3084 and 4973464?
1028
What is the greatest common divisor of 34982901 and 1161?
27
Calculate the greatest common divisor of 165925840 and 64440.
7160
Calculate the greatest common factor of 240 and 83927040.
240
What is the highest common factor of 5628504 and 63?
21
Calculate the greatest common divisor of 8163 and 110763.
9
What is the greatest common factor of 82800 and 1056528?
3312
What is the highest common factor of 217953 and 53198?
397
What is the highest common divisor of 10713443 and 2168?
271
Calculate the greatest common factor of 34191390 and 105.
15
What is the highest common factor of 150591 and 87264?
303
Calculate the greatest common divisor of 923121620 and 580.
580
What is the greatest common factor of 1180 and 30545716?
236
Calculate the highest common factor of 15382256 and 29556.
3284
Calculate the highest common factor of 18666 and 666.
18
What is the greatest common factor of 346835 and 19129660?
4885
Calculate the greatest common factor of 315777 and 5887.
7
What is the greatest common divisor of 6660715 and 3997?
571
Calculate the greatest common divisor of 465509942 and 103.
103
What is the highest common factor of 484 and 89392?
4
Calculate the highest common divisor of 31545053 and 1147.
37
What is the highest common divisor of 2164966 and 2771?
163
Calculate the highest common divisor of 27440 and 7569744.
112
What is the greatest common factor of 7183 and 18?
1
What is the highest common factor of 72 and 540048?
24
What is the greatest common factor of 11 and 64956947?
11
Calculate the highest common divisor of 3976 and 530012728.
3976
What is the highest common factor of 39098 and 173003?
113
What is the highest common factor of 36322376 and 232?
8
Calculate the highest common divisor of 2210 and 37803376.
442
What is the highest common divisor of 1010 and 50410?
10
What is the highest common factor of 11808 and 20997904?
656
What is the greatest common divisor of 1420 and 487486?
142
What is the highest common divisor of 1472343 and 1078851?
813
What is the highest common divisor of 60 and 71946540?
60
What is the highest common divisor of 148 and 131152?
4
Calculate the highest common divisor of 369795 and 162045.
4155
What is the greatest common divisor of 1210464 and 544?
32
What is the greatest common factor of 387 and 2913551?
43
What is the highest common divisor of 134218409 and 1346?
673
Calculate the greatest common divisor of 16087643 and 1001.
143
Calculate the highest common divisor of 35 and 13176205.
35
What is the highest common factor of 173 and 74074621?
173
Calculate the greatest common divisor of 52 and 3224117.
13
Calculate the highest common factor of 294122420 and 310.
310
What is the greatest common divisor of 1619200 and 16560?
1840
What is the highest common divisor of 136 and 5260284296?
136
Calculate the highest common divisor of 626 and 167724180.
626
Calculate the greatest common factor of 84233 and 592203.
643
Calculate the highest common factor of 866135 and 35.
5
What is the greatest common divisor of 1139169 and 3?
3
Calculate the greatest common factor of 4051377 and 132.
33
What is the highest common divisor of 2664 and 1067672?
296
What is the highest common factor of 1530918 and 99144?
306
What is the greatest common divisor of 5536584 and 156?
12
What is the greatest common divisor of 3661050 and 1200?
150
Calculate the highest common divisor of 18197 and 110943.
587
What is the greatest common factor of 3170340 and 4864?
76
Calculate the highest common divisor of 25053 and 2016.
21
Calculate the greatest common divisor of 408701205 and 145.
145
What is the greatest common factor of 17935 and 3594385?
1055
What is the highest common factor of 46 and 7756714?
2
What is the greatest common divisor of 307894139 and 217?
217
What is the highest common factor of 3165410 and 930?
310
What is the greatest common factor of 6 and 101783082?
6
What is the greatest common divisor of 130621230 and 180?
90
What is the greatest common factor of 219865 and 400?
5
Calculate the highest common factor of 772308810 and 6188.
3094
What is the greatest common divisor of 56932613 and 23?
23
What is the highest common divisor of 52410274 and 9982?
434
What is the highest common factor of 1793441 and 247?
13
Calculate the highest common divisor of 43542 and 561267.
531
Calculate the greatest common divisor of 2814 and 201803196.
2814
What is the highest common factor of 60 and 77460060?
60
What is the highest common factor of 96 and 496887816?
24
Calculate the highest common factor of 330010 and 5443030.
610
What is the greatest common factor of 10362 and 858594?
66
Calculate the greatest common factor of 90468368 and 6832.
976
What is the highest common factor of 193 and 363067740?
193
Calculate the greatest common factor of 649686 and 690.
6
Calculate the greatest common factor of 1154209 and 60099.
1541
What is the highest common divisor of 1740073918 and 332?
166
Calculate the highest common divisor of 3533 and 601108153.
3533
Calculate the highest common divisor of 160247217 and 312.
39
What is the greatest common divisor of 9218 and 8007928?
838
What is the greatest common divisor of 13 and 26579930?
13
What is the highest common divisor of 200110 and 70?
10
Calculate the greatest common factor of 78 and 121494.
6
Calculate the highest common divisor of 200156 and 25817.
11
What is the highest common divisor of 4485 and 50320803?
897
Calculate the highest common divisor of 9866304 and 1792.
448
Calculate the highest common divisor of 303401537 and 937.
937
Calculate the highest common factor of 66806628 and 708.
12
Calculate the highest common factor of 469900 and 568579.
4699
Calculate the greatest common divisor of 1253291 and 16218.
901
Calculate the highest co